01120002110 (base 3) in base 7?
-1523631
What is 2126326 (base 7) in base 9?
434414
What is 6936957 (base 10) in base 6?
404403313
What is a6cb (base 16) in base 8?
123313
-483788 (base 9) to base 3
-112210212222
Convert 212021222012 (base 3) to base 14.
bd155
-11334033 (base 5) to base 11
-72306
What is 128480 (base 9) in base 6?
1402543
Convert -664505 (base 7) to base 9.
-187275
11011101110110 (base 2) to base 8
33566
What is 67133 (base 8) in base 16?
6e5b
Convert -2314442 (base 6) to base 2.
-11101000010111010
Convert 20c16 (base 16) to base 2.
100000110000010110
Convert -70b048 (base 15) to base 12.
-1961842
Convert -106618 (base 12) to base 13.
-914c6
What is -2100103442 (base 5) in base 6?
-232101413
What is -baa9c9 (base 15) in base 7?
-135415635
Convert 707756 (base 12) to base 6.
101340550
-164413452 (base 7) to base 2
-101010111001111110111010
Convert -1031121312 (base 4) to base 5.
-40121141
What is 64369 (base 10) in base 16?
fb71
What is 3bb906 (base 14) in base 2?
111111000111000100010
What is 157922a (base 11) in base 14?
500c60
What is -689b4e (base 15) in base 11?
-2901219
Convert -4b44119 (base 12) to base 3.
-1000210110011010
Convert 28423 (base 9) to base 12.
b203
Convert -1f52c (base 16) to base 8.
-372454
141b1aa (base 14) to base 12
3322296
Convert 419062 (base 11) to base 14.
1366cc
What is 54446 (base 11) in base 12?
39907
Convert -2404230401 (base 5) to base 7.
-65041035
What is 202133145 (base 6) in base 5?
1341334141
What is a8858 (base 14) in base 7?
3315541
22012220201 (base 3) to base 7
1242436
Convert -125ca2 (base 14) to base 7.
-5235162
What is 3a00541 (base 11) in base 16?
69ae13
Convert -164345455 (base 7) to base 11.
-6386828
1232155 (base 6) to base 15
14aee
What is -1297b0 (base 14) in base 8?
-2343556
What is -20102210011 (base 3) in base 9?
-212704
What is 181568 (base 9) in base 11?
77775
What is -155939 (base 10) in base 5?
-14442224
-1514068 (base 11) to base 2
-1001111001111111110111
-163697a (base 11) to base 14
-52917a
2178d6 (base 14) to base 3
2010122222002
Convert 10200244410 (base 5) to base 12.
3650b1a
What is -130404232 (base 5) in base 7?
-5265153
Convert -2333252 (base 6) to base 15.
-25e05
Convert 22001020232 (base 4) to base 14.
4c5062
-3044240003 (base 5) to base 2
-10111110100001100111000
What is 100103223 (base 4) in base 5?
4114140
Convert -10301340333 (base 5) to base 4.
-221311001211
What is 10445333 (base 6) in base 5?
40124213
What is 24363100 (base 8) in base 11?
3036639
1001110011000111001 (base 2) to base 9
538386
Convert 12411023 (base 5) to base 13.
43a89
Convert 1241430 (base 7) to base 11.
100312
-20001000201111 (base 3) to base 8
-14173227
What is 60010 (base 12) in base 2?
11110011000001100
125276 (base 10) to base 13
45038
What is -41101404 (base 5) in base 4?
-1100323113
c043b7 (base 13) to base 6
235411041
Convert -2713a54 (base 11) to base 5.
-2200043012
What is -1788577 (base 9) in base 4?
-3311000323
9aa32 (base 13) to base 11
181a28
Convert 1142300241 (base 5) to base 4.
22102123302
1453074 (base 8) to base 2
1100101011000111100
What is 1796916 (base 10) in base 3?
10101021220110
Convert 303739 (base 10) to base 5.
34204424
Convert 112213 (base 10) to base 13.
3c0ca
What is 8ad4c5 (base 14) in base 2?
10010000001001010110101
What is -3502521 (base 6) in base 7?
-1345150
Convert -100110110111011 (base 2) to base 12.
-b623
Convert -12920a7 (base 12) to base 4.
-32000323333
What is -101011010011111100010101 (base 2) in base 9?
-23324528
126705 (base 8) to base 14
122d7
-32004042 (base 7) to base 8
-12247601
What is -211440323 (base 6) in base 2?
-1110001100101111111011
-102200330021 (base 4) to base 16
-4a0f09
What is 3002776 (base 8) in base 13?
21786a
-2528747 (base 9) to base 5
-323041231
14173076 (base 8) to base 9
6030535
Convert 3015470 (base 13) to base 8.
67310644
Convert -1101121110212 (base 3) to base 14.
-153ad4
-873a8 (base 14) to base 4
-1033321220
173726 (base 9) to base 8
322352
Convert -20231215 (base 8) to base 7.
-51214042
What is -3879aa (base 12) in base 2?
-11100010000011010010
What is -2313332314 (base 5) in base 16?
-4f91f5
2d409 (base 16) to base 3
100102020221
Convert 343145 (base 8) to base 5.
12210300
Convert -2a31aa (base 11) to base 6.
-14044350
46bc12 (base 14) to base 16
24d708
-2223341 (base 5) to base 13
-14b10
1000001100000100011110 (base 2) to base 14
3dc3dc
What is -20a2110 (base 11) in base 8?
-16053446
What is 5a098b (base 15) in base 10?
4305281
What is 117803 (base 10) in base 9?
188532
Convert -664aa (base 12) to base 11.
-92883
What is -20ca40 (base 15) in base 5?
-344432220
-50767 (base 11) to base 3
-10202200101
-322241221 (base 6) to base 5
-2430304234
Convert 3480e (base 15) to base 9.
274305
What is 11233132 (base 8) in base 14?
476a82
What is 2e6714 (base 16) in base 7?
34564006
-23303101 (base 4) to base 13
-19003
Convert 1300123220 (base 4) to base 7.
3625424
Convert -7de54b (base 15) to base 9.
-12287808
What is 21120241 (base 7) in base 12?
721a07
Convert 11077 (base 8) to base 6.
33343
-81517 (base 12) to base 8
-510643
264261 (base 12) to base 6
21253401
Convert 131123221 (base 4) to base 7.
1011316
Convert 2466234 (base 8) to base 16.
a6c9c
Convert 7ab1c4 (base 13) to base 11.
1707769
Convert -310333202 (base 4) to base 2.
-110100111111100010
Convert 30270 (base 13) to base 5.
10223422
What is -10544120 (base 6) in base 2?
-1001111010100110000
What is -33224300 (base 5) in base 6?
-10111245
What is -1000001111101101011001 (base 2) in base 16?
-20fb59
10323140 (base 5) to base 15
1b64a
Convert -252166 (base 9) to base 5.
-14340002
What is 46012514 (base 8) in base 9?
20671040
-234018 (base 9) to base 15
-2ba5e
What is 5cb0c (base 15) in base 16?
484b0
-cebd10 (base 15) to base 4
-211213203003
What is 33505041 (base 6) in base 16?
f8f71
What is -23103120 (base 4) in base 7?
-251655
-2125877 (base 13) to base 6
-1000205352
What is 10bd186 (base 15) in base 4?
231233222232
What is -296608 (base 10) in base 16?
-486a0
453255052 (base 6) to base 14
1157d44
102066162 (base 7) to base 6
332542520
885741 (base 9) to base 6
15201401
What is 453522 (base 6) in base 4?
21120122
3152522 (base 6) to base 3
21212102012
What is e51d (base 15) in base 7?
261055
Convert 5522441 (base 6) to base 3.
111222201021
What is -75b6cb (base 14) in base 11?
-2284597
What is -4dac8 (base 15) in base 16?
-3cbed
What is -c829b4 (base 13) in base 4?
-101321002102
Convert -130921 (base 12) to base 14.
-81b97
Convert -10202110210211 (base 3) to base 11.
-1144686
-1203022301 (base 4) to base 15
-80548
What is -444674 (base 16) in base 5?
-2121140414
Convert -1212111121 (base 3) to base 13.
-139b1
3044531 (base 6) to base 14
3b3dd
What is -1a49095 (base 11) in base 8?
-15127456
100111232 (base 4) to base 12
32892
What is 26057 (base 16) in base 13?
55b68
-23030550 (base 6) to base 2
-10101011110111000010
121044340 (base 5) to base 14
10a199
Convert -467164 (base 12) to base 5.
-242211220
-31014424 (base 5) to base 14
-677b9
804036 (base 9) to base 3
220011001020
10883470 (base 9) to base 12
19411b3
What is -7792 (base 13) in base 6?
-205121
What is -2851113 (base 9) in base 5?
-400201101
Convert 4546405 (base 7) to base 5.
121111434
What is -7eb27a (base 16) in base 2?
-11111101011001001111010
What is 1202021212101 (base 3) in base 7?
10624543
Convert -34040403 (base 5) to base 11.
-195003
Convert 2953318 (base 12) to base 10.
8320772
What is -15055345 (base 6) in base 7?
-4266461
What is 11144 (base 15) in base 7?
314164
11bb670 (base 16) to base 8
106733160
What is 12b819 (base 14) in base 5?
131141211
-12012010120210 (base 3) to base 2
-1010100001011001011001
What is 4a2733 (base 12) in base 14?
235d1d
What is -78453 (base 14) in base 12?
-1209a1
Convert 7587a (base 12) to base 2.
100101110110011110
-19681 (base 12) to base 13
-13c54
232625 (base 10) to base 9
384082
35243450 (base 6) to base 13
2c4327
Convert -20102220120221 (base 3) to base 10.
-3423085
Convert -1020102221200100 (base 3) to base 4.
-1003303003302
Convert -20b53 (base 15) to base 7.
-611430
What is 375116 (base 9) in base 6?
4510023
-1454435 (base 7) to base 9
-332228
What is -367a9 (base 16) in base 7?
-1616366
-1012222222100 (base 3) to base 16
-9e931
Convert -241457 (